e c(-4).
-7
Let r(q) be the third derivative of q**4/24 + 2*q**3/3 + 2*q**2 + 14*q. What is r(0)?
4
Suppose -14*a + 12*a = 20. Let o = a - -17. Let t(p) = p**3 - 6*p**2 - 6*p - 9. What is t(o)?
-2
Let t be 3*(3 - 60/9). Suppose -3*g + 12 = r, -4*g + 2*g - 2*r = -8. Let m = g + t. Let x(j) = j + 6. What is x(m)?
-1
Suppose -8*j + 10*j - 4 = 0. Let i(x) = 3 - j + 11 + x. Let c be i(-10). Let n(b) = b**3 - 4*b**2 + 3*b - 3. Determine n(c).
-5
Let s be (6/9)/((-4)/(-36)). Suppose -y = -3*y + s. Let j(g) = y*g - 21 + 13 + 9. What is j(-2)?
-5
Let f(l) = -2*l**3 + 3*l**2 - 15*l + 16. Let w(s) = -5*s**3 + 5*s**2 - 33*s + 33. Let q(k) = -7*f(k) + 3*w(k). Give q(-7).
-6
Let g(f) = -134*f**2 - 6*f + 6 + 135*f**2 - 5. Let r(c) be the first derivative of -c**3/3 + 11*c**2/2 - 12*c + 3. Let k be r(9). Determine g(k).
1
Let j(f) = 2 - 4 + 3*f**2 - 4*f**2. Let t(v) = -164*v + 1150. Let g be t(7). Give j(g).
-6
Let o(c) = -5*c**2 - 20*c + 1. Let g(b) = -11*b**2 - 40*b + 3. Let t(v) = -2*g(v) + 5*o(v). What is t(-6)?
11
Suppose -5*r = 4*n - 9, n + r = 6*n - 4. Suppose 3 = -f + n. Let a(z) = -z**2 - z - 1. Let k(b) = 2*b**2 + 4*b + 6. Let u(l) = 5*a(l) + k(l). Determine u(f).
-9
Let n(w) = w**2 - 5*w + 5. Let f be n(4). Suppose 5*o + 5*b = o + 28, -o + 3*b = 10. Let j(h) = -2*h**3 - 1 - 4*h**o - 5*h**3 + 4*h**2. Calculate j(f).
-8
Let j = 33 - 31. Let c(k) = -3 + k**3 + 2*k**j - 59*k + 63*k + 4*k**2. Give c(-5).
2
Let h = 29 - 1. Suppose 4*s - h = 4. Let u(y) = -3*y**3 - 13*y**2 + 4*y - 2. Let m(d) = -d**3 - d**2 - d + 1. Let v(a) = 4*m(a) - u(a). Determine v(s).
6
Let u be 5 + (1 - 2) + 1. Suppose -21 = -u*w - 2*q, 2*w - 3*w = -3*q + 6. Let t(i) = 4*i + 1. Give t(w).
13
Let d(j) be the first derivative of -j**4/4 + 3*j**3 + j**2/2 - 8*j - 457. Calculate d(9).
1
Suppose 5*a = 4*v - 76 - 31, -2 = v. Let g = 44 + a. Let t(r) = -10 - 2*r + g + r. What is t(6)?
5
Let w(q) = 2*q**3 - 4*q**2 - 6. Let g = 125 + -123. Let m(o) = o**3 - 3*o**2 + o - 5. Let y(i) = g*w(i) - 3*m(i). What is y(-3)?
-6
Let w(v) = -5*v**3 + 4*v**2 + 6*v + 7. Let u(p) = 6*p**3 - 4*p**2 - 7*p - 7. Let o(z) = 6*u(z) + 7*w(z). Suppose -6*k + 120*k = -24*k - 690. Determine o(k).
-18
Let h(c) = -c**3 + c**2 + 2*c + 3. Let b(i) = i**2 - i - 2. Let u be b(-2). Suppose u*s = 2*s. Let g be (1 - s) + -5 + 2. Calculate h(g).
11
Let a(g) = g**3 - 9*g**2 + 9*g - 2. Let z(i) = -5*i. Let f be z(-8). Suppose -3*c + f = 2*c. Let w be a(c). Let l(d) = -d**2 + 7*d - 7. What is l(w)?
-1
Suppose -108*m - 44 = -130*m. Let o(k) = -k**2 - 3*k + 2. Calculate o(m).
-8
Suppose -t = -0*w - 4*w + 25, -5*t - 5 = 4*w. Let c(v) = -220*v + 4 + 2*v**2 + 2*v**2 + 228*v - 2*v**2. Calculate c(t).
14
Let d(z) = -3*z**2 - 9*z - 2. Let u(n) = 8*n**2 + 26*n + 6. Let c = -25 + 21. Let v(h) = c*u(h) - 11*d(h). Suppose 2*f - 11 + 3 = 0. What is v(f)?
-6
Suppose -15 = 7*q - 8. Let k(h) = h. Let m be k(3). Let f(c) = 0*c + 19*c**m - 8*c**3 + 2*c**2 + c. What is f(q)?
-10
Let o = 44 - 28. Suppose -8 = -2*h - o. Let a(g) = -2 - 2 - 3*g**3 + 4*g**3 + 0*g**3 - 3*g + 4*g**2. What is a(h)?
8
Let r(k) = -k - 1. Let y(j) = 2*j - 6. Let b(i) = -5*r(i) + y(i). Calculate b(-1).
-8
Let i = 278 - 2223/8. Let b(d) be the third derivative of 6*d**2 - 1/60*d**5 - i*d**4 + 0*d + 0 + 0*d**3. Determine b(-4).
-4
Let m be 2/4 + (-10)/4. Let h(d) = -2 - 199237*d + 0 - d**2 - 2*d**3 + 199238*d. Calculate h(m).
8
Let g(l) = l**3 - 2*l - 1. Let t(w) = -2*w**3 + 7*w**2 + 8*w + 13. Suppose -u + 0 = 5*v + 12, 5*u = v + 18. Let k(f) = u*g(f) + t(f). Give k(-7).
-4
Let b(j) be the second derivative of 2*j**3/3 - j**2 - 14*j. Give b(4).
14
Let w(a) be the second derivative of a**3/6 + 13*a**2/2 - 86*a + 2. Calculate w(-10).
3
Let g(o) = o**2 + o - 6. Let u(l) = 12*l + 89. Let d be u(-7). What is g(d)?
24
Suppose 10*a = 7*a + 27. Let o(v) = 8*v**2 + 4 - v**3 - a*v + 3 + 2. Calculate o(7).
-5
Let f = 2449 - 2453. Suppose -3*w = -0*w - 6. Let j(z) = -5 + 2 - w*z - 3. Give j(f).
2
Suppose 149*p = 155*p - 102. Let k(i) = i**2 - 16*i - 16. What is k(p)?
1
Let a(l) be the third derivative of -l**7/840 + l**6/120 - l**5/30 + l**4/12 + 4*l**3/3 + 9*l**2. Let f(j) be the first derivative of a(j). Calculate f(2).
-2
Let w(m) = 22*m**2 - 1. Suppose -4*r + 0*z = -2*z - 10, 0 = -4*r - z + 7. Suppose 2*h - 9 = -3*l - 1, l - 4 = -r*h. What is w(h)?
21
Let l be (16/(-40))/((-8)/100). Let d(p) be the first derivative of p**4/4 - 4*p**3/3 - 3*p**2/2 + 2*p + 7. Calculate d(l).
12
Let u(w) = w**2 + 1. Let n = -10 - 12. Let t = -23 - n. Let j be (1 - t)*(-8)/8. Determine u(j).
5
Let y(i) = i**2 - 10*i. Let n be (16/(-6) - -3)/((-2)/(-30)). Suppose n*p - 45 = -0*p. Give y(p).
-9
Let q(p) = -p**2 - 3*p - 3. Let c be q(-3). Let h be c/15 + (-42)/15. Let y(u) = 14*u - 14. Let k(b) = -5*b + 5. Let m(w) = 8*k(w) + 3*y(w). What is m(h)?
-8
Let h(u) = -u**2 + 15*u - 16. Let p be (-3)/12*(-52)/1. Determine h(p).
10
Let z be 102/24 - -2*(-2)/16. Let n(d) = 3*d**2 + 6*d - 3*d**2 - 1 - d**2. Calculate n(z).
7
Let c = -1667 + 1662. Let f(n) = 4*n**2 - 7*n - 5*n**2 + 2 - 9. Determine f(c).
3
Let f(h) be the third derivative of h**5/60 + 17*h**3/6 + 2*h**2 - 65. Calculate f(0).
17
Suppose 2*x - 128 = -2*x. Let l be (-1)/(2/(x/4)). Let h(z) = z**2 + 6*z + 5. What is h(l)?
-3
Let z(a) = -6*a - 21. Let h(i) = -3*i - 3. Let k(t) = 2*h(t) + z(t). Calculate k(-2).
-3
Let k(r) = -7*r**3 - 9*r**2 - 8*r - 6. Let n(w) = 19*w**3 + 26*w**2 + 23*w + 17. Let g(j) = 8*k(j) + 3*n(j). Determine g(-5).
3
Suppose -s = 2, -5*n + 3*n - 4*s = 4. Let k be (n + -4 - 1) + 6/2. Let l(q) = q**3 + q**2 - 10. Calculate l(k).
-10
Let c(w) = w**2 - 3*w - 6. Suppose q - 7 = -2*s, -7*q + 2*q = 2*s - 19. Suppose 2*g + 4*x = q*g + 15, 2*x = -5*g + 35. What is c(g)?
4
Suppose -2*a = p - 1, 0*p + 1 = -4*a - 3*p. Let m be -8 + 4 + a + 4. Let w(k) = 0*k + k - 3 + 4*k + m. Determine w(-2).
-11
Let d(m) be the first derivative of -m**3/3 - 13*m**2/2 + 18*m + 21. What is d(-13)?
18
Let m(p) = 3*p**3 - 7*p**2 + 3*p + 4. Let a = -25 - -29. Let g(s) = s**3 - s**2 + 1. Let k(r) = a*g(r) - m(r). Calculate k(-4).
-4
Let f(x) = -x. Let w(j) = -3*j + 5. Let g(d) = 2*f(d) - w(d). Suppose 11*y = 6*y + 30. Let z be (6/(-10))/(y/(-60)). Determine g(z).
1
Suppose 8*q = 16*q - 120. Let z(s) = s**3 - 16*s**2 + 15*s + 1. What is z(q)?
1
Let o(p) = p - 2. Let h = 13 - -12. Let c = h - 24. Calculate o(c).
-1
Let x(u) be the second derivative of -u**3 - 14*u - 2*u**2 + 1/3*u**4 + 1/20*u**5 + 0. Calculate x(-4).
20
Let w(n) = -n**3 + 5*n**2 - 6*n + 2. Suppose 0 = -0*p - 5*p. Suppose 3*l - 3 - 9 = p. Give w(l).
-6
Suppose 5*j - 54 = -134. Let c = j - -15. Let d(f) = f**2. Determine d(c).
1
Let y(t) be the first derivative of 4*t**2 + 6*t + 2*t**3 - 1 + 1/4*t**4. Let o(a) = 26*a + 21. Let k be o(-1). Give y(k).
-9
Let i(g) = 4*g**2. Let o be i(2). Suppose -5*z = -z - o. Let j be (-12)/9*6/z. Let y(r) = -r - 2. What is y(j)?
0
Let x(p) = p**3 - 6*p**2 + 7*p - 5. Let t = 29 + -26. Suppose 5 = -t*v + 17. Determine x(v).
-9
Suppose 0*q = q - 4*g + 16, 2*q - 3*g + 7 = 0. Let s(d) = 5*d**2 - 3*d - 2. Let y(i) = 3*i**2 - 3*i - 1. Let p(w) = -s(w) + 2*y(w). Give p(q).
4
Let h(q) be the second derivative of -q**3/6 - 5*q**2/2 - 314*q. Give h(6).
-11
Let b(r) = r**2 - 3*r + 2. Let f = 4 - 12. Let c be (f/(-14))/((-9)/(-63)). Determine b(c).
6
Let f(c) = c**2 + c + 4. Let p be ((-1 - -1)/3)/(7 + -5). What is f(p)?
4
Let b(i) = i**2 - 3*i. Let j be b(3). Let r = 1 + j. Let k(q) = -5*q**2 - 5*q + 6. Let s(t) = -t**2 + t - 1. Let x(u) = k(u) + 6*s(u). Give x(r).
-10
Let a(z) = 2*z - 10. Let c = 37 + -42. Let q be (-4)/((-2)/(-4)*c + 2). What is a(q)?
6
Let j(u) be the first derivative of u**4/12 + u**3 - 4*u**2 - 35*u - 26. Let s(h) be the first derivative of j(h). Calculate s(-7).
-1
Let j(r) be the third derivative of r**2 - 2/15*r**5 + r**3 + 1/120*r**6 + 1/4*r**4 + 0*r + 0. What is j(7)?
-1
Let l(h) be the third derivative of -h**5/60 - 11*h**4/24 + h**3/3 + 2*h**2 - 10. Determine l(-11).
2
Let x(y) = 2*y**2 - 49. Let p(q) = -q**2 + q + 28. Let h(g) = -5*p(g) - 3*x(g). Determine h(-7).
-7
Let v(c) = -c**2 + 1. Suppose -10*z = -13*z - 5*r - 4, 3*r = z + 6. What is v(z)?
-8
Let k = 2 + 4. Let s(u) = 4 + 11*u - u**2 + u - k*u. What is s(5)?
9
Let p be (-10)/2*384/(-160). Let